actors of q?
2, 59
Let y(d) = 18*d**2 + 7*d + 7. Let l(v) = -v**2 + v + 8. Let g be l(4). Let x be y(g). Suppose -3*s - 33 = -x. What are the prime factors of s?
2, 3, 13
Let x(k) = -5*k**3 + k**2 + 2*k - 1. Let h be x(1). Let w be 12/h*(-393)/6. Let p = -127 + w. What are the prime factors of p?
3, 5
Suppose -2*s = 45*o - 42*o - 24892, 4*s - 49816 = 2*o. What are the prime factors of s?
2, 11, 283
Suppose 0*v = -v - 2*l + 9030, 9*v + 5*l = 81322. What are the prime factors of v?
2, 4519
Let r(y) = 819*y**2 + 90*y + 444. List the prime factors of r(-7).
3, 5, 2663
Let l(n) = -681*n + 2139. What are the prime factors of l(-28)?
3, 7069
Suppose -3260*p + 3246*p = -73164. List the prime factors of p.
2, 3, 13, 67
Let r(m) = 26*m + 95. Let g be r(8). Let l(v) = -v**3 + 7*v**2 - 6*v + 9. Let o be l(6). Suppose 3*f - 2*k = g, o = -4*k + k. List the prime factors of f.
3, 11
Let f = -164 + 71. Let w = f + 99. List the prime factors of ((-1)/2)/(w/(-552)) - 0.
2, 23
Suppose 0 = -17*b - 24*b + 2272 + 24. Let s(x) = -x**2 - 4*x + 7. Let n be s(-6). Let z = n + b. List the prime factors of z.
3, 17
Suppose -77 = -2*f - 27. Suppose -5*i - f = 0, 4*q - 174 = -4*i + 54. What are the prime factors of q?
2, 31
List the prime factors of (-27 - (-4044)/(-24))*(-1 - 1).
17, 23
Let g be (-428 + 22)*(1 + 1)/(-4). Suppose -8*i = -2587 + g. List the prime factors of i.
2, 149
Let r(q) = -116*q + 199. Let k(p) = 117*p - 196. Let g(f) = -5*k(f) - 4*r(f). List the prime factors of g(-4).
2, 167
List the prime factors of 7780/3*((-3)/(-7))/((-20)/(-210)).
2, 3, 5, 389
Let z be (-4)/5*5/2. Let v be (z - (-8)/6) + (-5116)/(-6). Suppose 2*u + v = 6*u - 4*o, 5*o - 243 = -u. List the prime factors of u.
2, 109
Let r(s) = 2515*s**2 + s + 2. Let q be r(-1). Suppose -12*x + 1408 = -q. List the prime factors of x.
3, 109
List the prime factors of 10 + (-10 - 5) + (6 - -13119).
2, 5, 41
Let y(p) = 374*p**2 - p**3 - p - 374*p**2. Let g(l) = -15*l**3 + l**2 - 2*l - 1. Let d(s) = -g(s) + 5*y(s). List the prime factors of d(2).
71
Suppose -140 = 78*w - 82*w. Let d = w + -33. Suppose -m - 2*m = 5*p - 631, -d*p = m - 212. What are the prime factors of m?
2, 101
Let c be (-3 - -4)*-4 - (8 - 229). Suppose -5*r + 3*y + 1116 = 0, r - 1 = -2*y + c. List the prime factors of r.
2, 3, 37
Suppose -3760 = -4*q + 3*g, -2*g + 1785 = 2*q - 109. Let d = q - 189. List the prime factors of d.
2, 13, 29
Suppose v - 5*d - 10516 = 0, -d + 39 - 44 = 0. What are the prime factors of v?
3, 13, 269
Let g(a) = -a + 41. Let u be g(11). Suppose -4*q - u + 18 = 0. List the prime factors of 39*(-2)/3*q.
2, 3, 13
Suppose 5*u - 5*f - 1480 = 0, -3*u = -4*u - 4*f + 276. Let l = u + -154. What are the prime factors of l?
2, 3, 23
Let x be 8/(56/21) + (-2)/2. Let b be ((-3)/x)/((-60)/80). Suppose b*j - 345 = k, 0 = -3*j + k + 311 + 208. What are the prime factors of j?
2, 3, 29
Suppose -4*i + 11662 = 26*i + 19*i. What are the prime factors of i?
2, 7, 17
List the prime factors of 61095*(2 - (-7)/(-20)*4).
3, 4073
Suppose 0 = x + 3*v - 161, -3*x + 674 = 4*v + 166. Let r = x - -149. List the prime factors of r.
5, 13
Suppose 2*g = c + 4*c - 10, c + 11 = 3*g. Suppose -g*v + 10*v = 175. List the prime factors of 2 + 4700/v + 6/(-21).
2, 17
Let h(c) = -54*c - 18. Let l be h(9). Let q be ((-39)/(-9))/(4/l). List the prime factors of q/(-12) + 1/2.
2, 23
Let v(d) = 4*d**2 - 16*d + 40. Let s(n) = -2*n + 4. Let m be s(-3). Let y be v(m). Let i = -68 + y. List the prime factors of i.
2, 53
Let z(y) = -34*y + 3063. List the prime factors of z(46).
1499
Let s = -79 + 72. Let c be ((-17)/(-2))/((-5)/210*s). What are the prime factors of c/2*(9 + -5)?
2, 3, 17
Let q = 510 + -90. Suppose -3*s = 5*o - 3430, -2*o + q = 2*s - 952. Suppose 4*m = -4*l + 3*l + 542, 3*l = 5*m - o. List the prime factors of m.
2, 17
Let r = -84 - -59. Let j be (-2)/(-9) - r/9. Suppose 0*i + j*i - 4*h - 569 = 0, -959 = -5*i - 4*h. What are the prime factors of i?
191
Let n = 118375 + -79817. What are the prime factors of n?
2, 13, 1483
Let s be (-1)/(3 + (-761)/254). Let y be (2 + -1)/((-2)/s). Let u = -29 + y. List the prime factors of u.
2, 7
Let r be 97 - 10/(-6)*-3. Let j = 95 - r. Let p(y) = 4*y**2 + 2*y - 7. List the prime factors of p(j).
5, 7
Let i be -9*(-2)/18*2. List the prime factors of -911*(-9 + i)/7.
911
Let i(x) = -x**2 - 4*x + 74. Let d be i(6). Suppose 55*l - 30340 = d*l. What are the prime factors of l?
2, 5, 37
Let i(r) = 2*r**3 + 94*r**2 + 166*r - 261. Let c(p) = 3*p**3 + 141*p**2 + 250*p - 392. Let v(z) = -5*c(z) + 7*i(z). What are the prime factors of v(-45)?
43
Suppose -3*s - 4*u - 31 = 0, -2*s + 0*s - 5*u = 30. Let c be (193 - 0)*(3 + 0 + s). Let t = c - -554. List the prime factors of t.
2, 3, 7
Suppose 5*m - l + 8 = 1317, -m + 261 = -l. Suppose 3*p - 8*p + i = -29, 2*p + 3*i = 15. Suppose 230 + m = p*o. What are the prime factors of o?
2, 41
Suppose 9*x + x = 15*x - 26850. List the prime factors of x.
2, 3, 5, 179
What are the prime factors of 3*(-6 + 39332*4/24)?
2, 307
Let j = 439 + 9178. List the prime factors of j.
59, 163
Let j = -41219 + 75023. List the prime factors of j.
2, 3, 313
Suppose 2*w + 998 - 5708 = 0. Suppose 4*o = 2*a + 5470, -2*o + 400 = 3*a - w. Suppose -11*c + c + o = 0. What are the prime factors of c?
137
Let j(g) be the second derivative of g**5/5 - g**4/2 - 7*g**3/6 + 6*g**2 - 16*g. Let z be j(5). Suppose -4*s + z = -s. List the prime factors of s.
109
Suppose 13*g - 217073 = 255919. What are the prime factors of g?
2, 3, 379
Let x(y) = -26*y**3 + 2*y**2 - 17*y + 13. What are the prime factors of x(-7)?
2, 2287
Let l(z) = -2*z**3 - 6*z**2 + 4*z - 6. Let f be l(-4). Let b(r) = 3*r**2 + 11*r + 6. What are the prime factors of b(f)?
2, 13
Let p(h) be the second derivative of 5*h**2 + 1/20*h**5 - 5/6*h**4 + 0 - 7*h + 1/6*h**3. List the prime factors of p(11).
2, 71
Let m(u) = -u**3 - 6*u**2 - 3*u + 8. Let t be m(-6). Let k(q) = 30 - 35*q + 74*q - t*q. List the prime factors of k(15).
3, 5
Let q(b) = -37*b - 5. Let n be q(-6). Let r(m) = -3*m**3 + 16*m**2 - 13*m - 1. Let k be r(6). Let u = k + n. What are the prime factors of u?
2, 3, 11
Suppose -u = 2*n + u - 6, -3*n - u + 13 = 0. Let s be 1 - (-1 - -4) - -187. Suppose s = n*y - 0*y. What are the prime factors of y?
37
Let g = 43 - 37. Suppose g*w + 15 = 3*w - 5*b, 15 = 5*w - 5*b. Suppose 11*c - 8*c - 333 = w. What are the prime factors of c?
3, 37
List the prime factors of (4486/(-6))/(1/2)*(-576)/48.
2, 2243
Let c(l) = 2*l - 4. Let m be c(3). Suppose x - m*i + 19 = 2*i, 25 = 5*x + 4*i. What are the prime factors of (-1)/(((-5)/235)/x)?
47
Suppose 0 = 9*u - 4*u - 2295. Let q = 701 - u. What are the prime factors of q?
2, 11
Let j(h) = -215*h**3 + h**2 - h - 1. Let f be j(-2). Suppose 2*p = 2*k - 686, -5*k - p + f = 4*p. What are the prime factors of k?
2, 43
Suppose 2777*n = 2804*n - 496638. What are the prime factors of n?
2, 17, 541
Suppose 6*l - l - 710 = 0. Let y = 69 - l. Let v = y + 167. List the prime factors of v.
2, 47
Let r(f) = f**3 - 18*f**2 + 19*f - 16. Let a be r(17). Let v(s) = -a*s**2 + 11 + 13*s - 9 - s**3 - 17. What are the prime factors of v(-19)?
3, 11
Suppose -3*r = y - 17, 5*y - 3*y + 4*r = 40. Suppose 9*g = 7 + 623. Suppose 3*x - g = y. What are the prime factors of x?
2
List the prime factors of (56 - -9698)/(2*2)*8 + 2.
2, 5, 1951
Let b be -205 + -2 - (-7 + 9 + -2). Let m = b + 401. What are the prime factors of m?
2, 97
Let l = 607 - 858. Let t = l + 253. What are the prime factors of t?
2
Let o = -122 + -33. Let g = -58 - o. List the prime factors of g.
97
Let a(x) = x**2 + 2*x - 635. What are the prime factors of a(-90)?
5, 31, 47
Suppose -167*o - 790394 + 1918980 = 0. What are the prime factors of o?
2, 31, 109
Suppose a - 5*s - 480 = 0, 5*a = -5*s + 3100 - 850. Let h = a + 322. What are the prime factors of h?
3, 7, 37
Let w(o) = 18*o + 5*o**2 + 12*o + 0*o + 24. List the prime factors of w(-12).
2, 3
Let c = 17561 + -11221. What are the prime factors of c?
2, 5, 317
Let g be 0 + -1 + -58 + -9. Let t = 66 + g. List the prime factors of (t/4)/(11/(-1518)).
3, 23
Let u(s) = 6 - 3*s + s - 4*s. Let a = 277 - 279. What are the prime factors of u(a)?
2, 3
Let i(s) = -s**3 + 10*s**2 + 5*s - 19. Let c be i(9). Let n = -108 + c. List t